divisor of s and 1.
1
Let i = 35 - 21. Let b be 39 + (6 - (-15)/(-5)). What is the highest common divisor of i and b?
14
Let n = -8 - -12. Suppose m = 6*m - 30. What is the greatest common factor of n and m?
2
Let z(w) = -3*w + 0*w - 2 - 3*w + 4*w + 7*w**2. Let i be z(-1). Calculate the greatest common divisor of 63 and i.
7
Let t be (-2)/((-9)/(9/(-2))). Let c be 5*(-4)/(-10) - t. Suppose 4*k - 5*b - 58 = 24, 56 = c*k - b. What is the greatest common divisor of 162 and k?
18
Suppose 4*l - 44 = w, -3*l - 3*w = -15 - 3. Let p(z) = 9*z**2 - 4*z + 1. Let d be p(2). Let y be d - (3/3 - 2). What is the highest common divisor of y and l?
10
Suppose 2*s = 5*s + 5*f - 252, 2*f + 84 = s. Calculate the greatest common divisor of s and 60.
12
Let r(f) = -f**2 - 14*f - 30. Let q be r(-9). Calculate the highest common factor of q and 3.
3
Let o = 60 - 40. Suppose u + 4*x = 4, -4*x = 2*u + 3*u - o. Let h be u - 0 - (-3 + 4). Calculate the highest common factor of 6 and h.
3
Suppose 0 = -2*m + 3*r + 1, 15*m - 9 = 11*m - r. What is the greatest common divisor of m and 46?
2
Let q be 69/21 + (-4)/14. Suppose -39*k = -25 - 53. Calculate the greatest common divisor of k and q.
1
Let h be (-9165)/(-60) + (-3)/4. Suppose -4*l + 528 + h = 0. Calculate the highest common factor of 68 and l.
34
Let h(u) = -27*u + 15. Let s be h(4). Let k = -49 - s. Calculate the greatest common divisor of k and 352.
44
Let k(d) = 6*d**2 + 96*d + 6. Let p be k(-16). Let g(n) = 2*n**2 + 5*n - 1. Let w be g(-5). What is the highest common factor of w and p?
6
Suppose -1 = -2*d + 1. Let w be 2 - (9/(-1))/d. Let l be 418/11 - ((-6 - -3) + -3). Calculate the highest common divisor of l and w.
11
Suppose -2*s - 5*m + 33 = -4*m, 0 = -4*s + 2*m + 62. Let x(k) = -52*k + 632. Let l be x(10). Calculate the greatest common divisor of s and l.
16
Let p be (141 + 0)/3 - -2. Let g(q) = q**2 + 7*q + 6. Let j be g(-2). Let k be (-3 + j)*-1*1. What is the highest common factor of k and p?
7
Suppose -3*u - 15 = 0, 14 = -4*c + 5*u + 147. Let v be (-430)/(-35) + (-8)/28. Let z be (v/8)/((-2)/(-4)). What is the highest common divisor of c and z?
3
Suppose 3*w + 47 = -4*a + 234, -74 = -w + a. Suppose -153 = -2*z - 0*z - m, -z = -2*m - w. Let k = z - 21. Calculate the greatest common divisor of k and 18.
18
Suppose -347 = -6*m + 67. What is the highest common divisor of m and 437?
23
Let i = 697 + -346. Calculate the highest common factor of 13 and i.
13
Suppose 235*p - 62 = -2*n + 239*p, 0 = 3*n + 3*p - 129. Calculate the highest common factor of n and 2613.
39
Let a be (-24)/(-108) - (-752)/18. Let b = -184 - -198. What is the highest common divisor of b and a?
14
Let r be -1*23/(207/(-189)). Let d(v) = -4*v - 1. Let y be d(-1). Calculate the highest common divisor of y and r.
3
Let n = -619 + 633. What is the greatest common divisor of 1106 and n?
14
Let i(j) = 50*j + 564. Let q be i(-11). Suppose -4*b - 8 = -8*b, g + 5*b - 12 = 0. What is the greatest common divisor of q and g?
2
Let q = 300 + 96. Calculate the greatest common factor of 36 and q.
36
Suppose 3*u + 236 = 62*u. What is the highest common divisor of u and 26?
2
Let y(n) = -n**3 + 9*n**2 - 7*n - 6. Let q be y(8). Let o be q - (-61 + -2) - 8/8. What is the highest common divisor of o and 4?
4
Suppose 2*a + z = -3, -3*a + 4*z - 2*z + 6 = 0. Let p = a + 2. Suppose -2*q + 91 = -b, p*b + 3 = -b. What is the greatest common factor of 18 and q?
9
Let g = 708 - 703. Suppose -37 = -3*c + 32. Suppose -3*z - g*q + 137 = c, -15 = -5*q. What is the greatest common divisor of 363 and z?
33
Suppose -6 - 2 = -2*l. Let k(z) = -1. Let c(t) = 11*t + 4. Let y(h) = -c(h) - 2*k(h). Let a be y(-2). Calculate the highest common divisor of a and l.
4
Let m(y) = 94*y + 1. Let x be m(1). Let c = -53 + x. Suppose -2*q - 3*o = -15, 8*q + 2*o - 32 = 3*q. What is the greatest common factor of q and c?
6
Let b be 22/(-11)*1*2. Let l(i) = -4*i**3 - 4*i**2 - i + 14. Let k be l(b). What is the highest common factor of 30 and k?
30
Let n(u) be the third derivative of 29*u**5/20 + u**4/8 - u**3/3 - 16*u**2. Let x be n(1). Calculate the highest common factor of x and 11.
11
Let w be -5*(8/(-20) - 1/(-5)). Let t(z) = z**3 + 7*z**2 - z - 5. Let q be t(-7). Calculate the highest common factor of w and q.
1
Let m(h) = 2*h**3 + 11*h**2 - 7*h - 3. Let f be m(-6). Suppose -f*o + 387 = 3*p, 0 = -4*o - 12. What is the highest common factor of p and 12?
12
Suppose 4*w + 72 = 2*x + 6, 39 = -2*w - x. Let i be (-2 + 44/6*-1)*w. Calculate the highest common divisor of 21 and i.
21
Let t = -13 + 12. Let a be (0 + -4 - -6) + t. What is the greatest common divisor of 4 and a?
1
Let j = 1 - 8. Let g(d) = d**2 + 16*d - 3. Let w be g(j). Let z = 134 + w. Calculate the greatest common factor of z and 17.
17
Suppose 164*q = 165*q, 2*b - 4 = 2*q. What is the greatest common divisor of b and 17?
1
Let q be (1 + 1 + -3)/(-1). Suppose -g + 1 = -q. Suppose -3*j - 3*b + 60 = 0, 4*b - g*b = 2*j - 44. Calculate the highest common factor of 7 and j.
7
Let f(c) = -c - 16. Let r(y) = -y**3 + 4*y**2 + y + 2. Let p be r(5). Let t be f(p). What is the highest common factor of 8 and t?
2
Let m = -111 - -113. Suppose -3*b = -3*o - 6, -o + 5 = -m*b + 4*o. Calculate the highest common divisor of 15 and b.
5
Let y(t) = -29*t**3 + 2*t**2 - 3*t - 4. Let k be y(-1). What is the highest common factor of k and 195?
15
Let u be (1/(-1))/((-1)/13). Let c = 3265 + -3252. What is the highest common divisor of c and u?
13
Let q = 1155 - 1125. Let k be 110/3 - (-4)/(-6). Let u be q/4*408/k. Calculate the greatest common divisor of 34 and u.
17
Let q(f) = -f**2 - 12*f + 29. Let d be q(-11). Suppose -d = -3*g - g. What is the highest common divisor of g and 35?
5
Suppose 5*u = -31*d + 27*d + 304, 385 = 5*d + 5*u. Suppose 0 = 2*z - 34 - 20. What is the greatest common factor of d and z?
27
Let u be -7*(32/(-14) - 2). Let r(m) = m + 3*m - 5 + 2 + 7. Let p be r(4). Calculate the greatest common divisor of p and u.
10
Suppose -3*i + 122 = x + 437, 2*i + 210 = -3*x. Let b = -376 - -617. Let m = b + i. What is the greatest common divisor of 17 and m?
17
Let b be (-1 + (-75)/2)/(104/(-624)). What is the highest common factor of b and 99?
33
Suppose 0 = -3*t - 3*t + 6174. What is the highest common factor of t and 7?
7
Let s = -159 - -223. Let o(p) = p - 5. Let c be o(13). Calculate the highest common divisor of s and c.
8
Suppose 2354*b = 2361*b - 140. Suppose -5*p + 2*z + 42 = 0, 3*p + 4*z - 20 = -0*z. What is the greatest common factor of b and p?
4
Suppose 21*n - 1044 = 3*n. Suppose 122 + 458 = 4*o. What is the highest common factor of o and n?
29
Let m be 4*(0 - (3 + -131)). Calculate the highest common divisor of 16 and m.
16
Let s(h) = -4*h**3 - 30*h**2 - 16*h + 1. Let j be s(-7). Calculate the highest common divisor of j and 285.
15
Let s(w) = w + 1. Let j(k) = 3*k - 34. Let v(r) = j(r) + 4*s(r). Let c be v(5). What is the greatest common factor of c and 15?
5
Let u be (-3 + (-54)/8)*(-2 + -26). Let h = u - 137. What is the highest common factor of 17 and h?
17
Let n(f) = 12*f + 5. Let r(m) = m - 1. Let k(b) = -n(b) - 3*r(b). Let v be k(-1). Calculate the highest common factor of 13 and v.
13
Let u = -47 + 88. Let q be u + (0/1 - -4). What is the greatest common factor of 15 and q?
15
Let s(g) = g**2 + 5*g + 14. Let u(f) = 3*f**2 + 16*f + 43. Let w(q) = 7*s(q) - 2*u(q). Let b be w(12). Calculate the highest common factor of 24 and b.
24
Suppose 16*r - 3520 = -28*r. What is the greatest common factor of 100 and r?
20
Let m be ((-5)/4)/((-52)/14352). Calculate the greatest common divisor of 30 and m.
15
Let m = 108 + -269. Let y = m + 336. What is the greatest common factor of 25 and y?
25
Suppose -4*d + 108 = 5*f - 99, 2*d = 4*f - 150. Let i be 6/f + 501/39. Calculate the greatest common factor of i and 143.
13
Let k be 3/(3/3)*1. Let l = 37 - 73. Let f be (2/(-4))/(9/l). What is the greatest common factor of f and k?
1
Suppose 39 + 2 = u. Suppose 5*p = -4*b + 303, -p - 122 - 211 = -4*b. What is the greatest common divisor of u and b?
41
Suppose -3*b - 7*b + 110 = 0. What is the highest common divisor of b and 616?
11
Let m(v) = -v**2 - 3*v. Let y be m(-3). Suppose y = -z + 19 + 7. Suppose -40 = -5*c + 25. Calculate the greatest